822615?
2
What is the tens digit of 72819?
1
What is the tens digit of 280585?
8
What is the millions digit of 1759255?
1
What is the millions digit of 1412883?
1
What is the tens digit of 5767976?
7
What is the ten thousands digit of 1261860?
6
What is the millions digit of 2778321?
2
What is the units digit of 26465427?
7
What is the units digit of 406185?
5
What is the thousands digit of 8676696?
6
What is the ten thousands digit of 198858?
9
What is the thousands digit of 477865?
7
What is the tens digit of 24760?
6
What is the thousands digit of 441296?
1
What is the ten thousands digit of 10730870?
3
What is the hundreds digit of 708368?
3
What is the tens digit of 104548?
4
What is the units digit of 15008492?
2
What is the units digit of 330523?
3
What is the ten thousands digit of 6573114?
7
What is the thousands digit of 240276?
0
What is the hundreds digit of 14580511?
5
What is the units digit of 21945808?
8
What is the hundred thousands digit of 1021493?
0
What is the tens digit of 5430813?
1
What is the hundred thousands digit of 1948356?
9
What is the units digit of 298567?
7
What is the tens digit of 1473202?
0
What is the thousands digit of 1224166?
4
What is the hundred thousands digit of 101526?
1
What is the hundred thousands digit of 1473661?
4
What is the units digit of 1427766?
6
What is the hundreds digit of 5245627?
6
What is the units digit of 18950?
0
What is the ten thousands digit of 14432586?
3
What is the millions digit of 4321983?
4
What is the thousands digit of 1170273?
0
What is the ten thousands digit of 2936070?
3
What is the ten thousands digit of 7059812?
5
What is the hundreds digit of 165214?
2
What is the tens digit of 798906?
0
What is the thousands digit of 9592793?
2
What is the hundred thousands digit of 265801?
2
What is the units digit of 3158623?
3
What is the hundreds digit of 473905?
9
What is the tens digit of 65728?
2
What is the ten thousands digit of 139998?
3
What is the tens digit of 13938086?
8
What is the hundred thousands digit of 1435815?
4
What is the hundred thousands digit of 2755049?
7
What is the ten thousands digit of 100022?
0
What is the units digit of 330716?
6
What is the hundreds digit of 560062?
0
What is the millions digit of 11110855?
1
What is the ten thousands digit of 244397?
4
What is the hundred thousands digit of 7432357?
4
What is the hundreds digit of 1541538?
5
What is the hundreds digit of 272687?
6
What is the ten thousands digit of 744508?
4
What is the tens digit of 40945?
4
What is the units digit of 2250762?
2
What is the ten thousands digit of 280959?
8
What is the hundred thousands digit of 313235?
3
What is the millions digit of 3088127?
3
What is the ten thousands digit of 231561?
3
What is the ten thousands digit of 61955?
6
What is the millions digit of 3200393?
3
What is the ten thousands digit of 19217812?
1
What is the hundred thousands digit of 102301?
1
What is the units digit of 7512011?
1
What is the units digit of 503457?
7
What is the tens digit of 600182?
8
What is the ten thousands digit of 408383?
0
What is the hundreds digit of 323389?
3
What is the millions digit of 1090375?
1
What is the hundred thousands digit of 678781?
6
What is the hundreds digit of 3499455?
4
What is the hundreds digit of 145820?
8
What is the millions digit of 3279688?
3
What is the tens digit of 874171?
7
What is the ten thousands digit of 9758446?
5
What is the hundreds digit of 47043?
0
What is the hundred thousands digit of 8357467?
3
What is the hundred thousands digit of 2738778?
7
What is the thousands digit of 1584464?
4
What is the tens digit of 1152066?
6
What is the thousands digit of 11172837?
2
What is the hundreds digit of 205686?
6
What is the ten thousands digit of 225341?
2
What is the ten thousands digit of 47527?
4
What is the ten millions digit of 31171789?
3
What is the hundred thousands digit of 1403066?
4
What is the hundreds digit of 4313486?
4
What is the tens digit of 222398?
9
What is the thousands digit of 26664?
6
What is the ten thousands digit of 58860?
5
What is the thousands digit of 42483?
2
What is the tens digit of 1693695?
9
What is the tens digit of 54096?
9
What is the units digit of 1913112?
2
What is the units digit of 1630821?
1
What is the ten thousands digit of 765963?
6
What is the hundred thousands digit of 6531223?
5
What is the units digit of 14830101?
1
What is the hundred thousands digit of 1464063?
4
What is the units digit of 16665875?
5
What is the thousands digit of 672817?
2
What is the thousands digit of 32779108?
9
What is the ten thousands digit of 7232527?
3
What is the tens digit of 28063696?
9
What is the tens digit of 191539?
3
What is the thousands digit of 29260?
9
What is the tens digit of 179565?
6
What is the hundred thousands digit of 412253?
4
What is the thousands digit of 251492?
1
What is the hundreds digit of 529965?
9
What is the ten thousands digit of 3918845?
1
What is the thousands digit of 984425?
4
What is the hundred thousands digit of 2520849?
5
What is the thousands digit of 4439824?
9
What is the hundreds digit of 11521?
5
What is the tens digit of 194547?
4
What is the units digit of 1498703?
3
What is the tens digit of 877836?
3
What is the thousands digit of 3434147?
4
What is the hundred thousands digit of 35062830?
0
What is the hundreds digit of 2972488?
4
What is the millions digit of 2230606?
2
What is the units digit of 178269?
9
What is the millions digit of 10519625?
0
What is the ten thousands digit of 10400134?
0
What is the ten thousands digit of 1966993?
6
What is the hundreds digit of 2340535?
5
What is the units digit of 18718416?
6
What is the hundred thousands digit of 1653604?
6
What is the hundred thousands digit of 3860369?
8
What is the tens digit of 5337673?
7
What is the hundreds digit of 11346304?
3
What is the hundreds digit of 1365619?
6
What is the hundred thousands digit of 535553?
5
What is the units digit of 1803636?
6
What is the thousands digit of 87386?
7
What is the tens digit of 1720504?
0
What is the hundreds digit of 361289?
2
What is the hundred thousands digit of 402756?
4
What is the millions digit of 20268321?
0
What is the tens digit of 46146375?
7
What is the units digit of 26621?
1
What is the hundreds digit of 37388826?
8
What is the thousands digit of 131921?
1
What is the tens digit of 8104250?
5
What is the ten thousands digit of 167582?
6
What is the units digit of 412470?
0
What is the thousands digit of 2508141?
8
What is the tens digit of 161774?
7
What is the thousands digit of 2975443?
5
What is the ten thousands digit of 51438?
5
What is the tens digit of 265691?
9
What is the hundreds digit of 406535?
5
What is the hundreds digit of 555837?
8
What is the thousands digit of 677002?
7
What is the millions digit of 7048642?
7
What is the hundred thousands digit of 5026421?
0
What is the thousands digit of 672816?
2
What is the ten millions digit of 12433318?
1
What is the units digit of 497710?
0
What is the ten thousands digit of 257265?
5
What is the ten thousands digit of 13433689?
3
What is the millions digit of 9016221?
9
What is the ten thousands digit of 730477?
3
What is the ten thousands digit of 184424?
8
What is the units digit of 399245?
5
What is the tens digit of 4240869?
6
What is the thousands digit of 440894?
0
What is the millions digit of 29263215?
9
What is the tens digit of 5910109?
0
What is the hundred thousands digit of 176176?
1
What is the ten thousands digit of 955965?
5
What is the millions digit of 3881316?
3
What is the tens digit of 118843?
4
What is the hundreds digit of 216244?
2
What is the thousands digit of 131458?
1
What is the hundreds digit of 88020?
0
What is the units digit of 304641?
1
What is the hundreds digit of 16653?
6
What is the hundred thousands digit of 2493530?
4
What is the tens digit of 49138?
3
What is the thousands digit of 3794955?
4
What is the hundreds digit of 244452?
4
What is the hundreds digit of 24327?
3
What is the hundreds digit of 231407?
4
What is the thousands digit of 891970?
1
What is the hundreds digit of 197847?
8
What is the hundreds digit of 4848531?
5
What is the ten thousands digit of 36497740?
9
What is the thousands digit of 562935?
2
What is t